CRAN Package Check Results for Package wahc

Last updated on 2021-12-04 22:59:51 CET.

Flavor Version Tinstall Tcheck Ttotal Status Flags
r-devel-linux-x86_64-debian-clang 1.0 1.55 27.85 29.40 NOTE
r-devel-linux-x86_64-debian-gcc 1.0 1.38 21.86 23.24 NOTE
r-devel-linux-x86_64-fedora-clang 1.0 38.28 NOTE
r-devel-linux-x86_64-fedora-gcc 1.0 26.45 NOTE
r-devel-windows-x86_64-new-UL 1.0 6.00 47.00 53.00 NOTE
r-devel-windows-x86_64-new-TK 1.0 NOTE
r-devel-windows-x86_64-old 1.0 3.00 23.00 26.00 NOTE
r-patched-linux-x86_64 1.0 1.87 18.51 20.38 NOTE
r-release-linux-x86_64 1.0 1.77 18.50 20.27 NOTE
r-release-macos-arm64 1.0 NOTE
r-release-macos-x86_64 1.0 NOTE
r-release-windows-ix86+x86_64 1.0 4.00 24.00 28.00 NOTE
r-oldrel-macos-x86_64 1.0 NOTE
r-oldrel-windows-ix86+x86_64 1.0 4.00 23.00 27.00 NOTE

Check Details

Version: 1.0
Check: R code for possible problems
Result: NOTE
    summary.whc: no visible global function definition for 'printCoefmat'
    wahc.fit: no visible global function definition for 'pt'
    wahc.fit: no visible global function definition for 'cor'
    whc: no visible global function definition for 'model.frame'
    whc: no visible global function definition for 'model.matrix'
    whc: no visible global function definition for 'model.response'
    Undefined global functions or variables:
     cor model.frame model.matrix model.response printCoefmat pt
    Consider adding
     importFrom("stats", "cor", "model.frame", "model.matrix",
     "model.response", "printCoefmat", "pt")
    to your NAMESPACE file.
Flavors: r-devel-linux-x86_64-debian-clang, r-devel-linux-x86_64-debian-gcc, r-devel-linux-x86_64-fedora-clang, r-devel-linux-x86_64-fedora-gcc, r-devel-windows-x86_64-new-UL, r-devel-windows-x86_64-new-TK, r-devel-windows-x86_64-old, r-patched-linux-x86_64, r-release-linux-x86_64, r-release-macos-arm64, r-release-macos-x86_64, r-release-windows-ix86+x86_64, r-oldrel-macos-x86_64, r-oldrel-windows-ix86+x86_64