CRAN Package Check Results for Package warabandi

Last updated on 2022-05-22 22:51:55 CEST.

Flavor Version Tinstall Tcheck Ttotal Status Flags
r-devel-linux-x86_64-debian-clang 0.1.0 2.00 40.21 42.21 OK
r-devel-linux-x86_64-debian-gcc 0.1.0 1.67 30.05 31.72 OK
r-devel-linux-x86_64-fedora-clang 0.1.0 50.38 NOTE
r-devel-linux-x86_64-fedora-gcc 0.1.0 38.61 NOTE
r-devel-windows-x86_64 0.1.0 18.00 62.00 80.00 OK
r-patched-linux-x86_64 0.1.0 2.30 38.16 40.46 OK
r-release-linux-x86_64 0.1.0 2.27 37.78 40.05 OK
r-release-macos-arm64 0.1.0 19.00 NOTE
r-release-macos-x86_64 0.1.0 25.00 NOTE
r-release-windows-x86_64 0.1.0 15.00 62.00 77.00 OK
r-oldrel-macos-arm64 0.1.0 20.00 NOTE
r-oldrel-macos-x86_64 0.1.0 23.00 NOTE
r-oldrel-windows-ix86+x86_64 0.1.0 7.00 48.00 55.00 OK

Check Details

Version: 0.1.0
Check: dependencies in R code
Result: NOTE
    Namespace in Imports field not imported from: ‘flextable’
     All declared Imports should be used.
Flavors: r-devel-linux-x86_64-fedora-clang, r-devel-linux-x86_64-fedora-gcc, r-release-macos-arm64, r-release-macos-x86_64, r-oldrel-macos-arm64, r-oldrel-macos-x86_64