CRAN Package Check Results for Package washeR

Last updated on 2022-05-17 22:51:42 CEST.

Flavor Version Tinstall Tcheck Ttotal Status Flags
r-devel-linux-x86_64-debian-clang 0.1.2 2.37 35.71 38.08 NOTE
r-devel-linux-x86_64-debian-gcc 0.1.2 1.54 27.69 29.23 NOTE
r-devel-linux-x86_64-fedora-clang 0.1.2 46.01 NOTE
r-devel-linux-x86_64-fedora-gcc 0.1.2 45.17 NOTE
r-devel-windows-x86_64 0.1.2 13.00 52.00 65.00 OK
r-patched-linux-x86_64 0.1.2 2.61 34.79 37.40 NOTE
r-release-linux-x86_64 0.1.2 2.28 34.30 36.58 NOTE
r-release-macos-arm64 0.1.2 17.00 OK
r-release-macos-x86_64 0.1.2 22.00 OK
r-release-windows-x86_64 0.1.2 12.00 50.00 62.00 OK
r-oldrel-macos-arm64 0.1.2 17.00 OK
r-oldrel-macos-x86_64 0.1.2 26.00 OK
r-oldrel-windows-ix86+x86_64 0.1.2 6.00 45.00 51.00 OK

Check Details

Version: 0.1.2
Check: for non-standard things in the check directory
Result: NOTE
    Found the following files/directories:
     'linout.csv' 'linout.pdf' 'out.csv' 'out.pdf' 'tabel_out.csv'
Flavors: r-devel-linux-x86_64-debian-clang, r-devel-linux-x86_64-debian-gcc, r-devel-linux-x86_64-fedora-clang, r-devel-linux-x86_64-fedora-gcc, r-patched-linux-x86_64, r-release-linux-x86_64