Last updated on 2023-05-29 23:04:00 CEST.
Flavor | Version | Tinstall | Tcheck | Ttotal | Status | Flags |
---|---|---|---|---|---|---|
r-devel-linux-x86_64-debian-clang | 0.3.0 | 57.31 | 512.73 | 570.04 | OK | |
r-devel-linux-x86_64-debian-gcc | 0.3.0 | 44.66 | 382.15 | 426.81 | OK | |
r-devel-linux-x86_64-fedora-clang | 0.3.0 | 706.09 | NOTE | |||
r-devel-linux-x86_64-fedora-gcc | 0.3.0 | 707.66 | NOTE | |||
r-devel-windows-x86_64 | 0.3.0 | 43.00 | 335.00 | 378.00 | OK | |
r-patched-linux-x86_64 | 0.3.0 | 54.37 | 488.37 | 542.74 | OK | |
r-release-linux-x86_64 | 0.3.0 | 37.78 | 487.60 | 525.38 | OK | |
r-release-macos-arm64 | 0.3.0 | 173.00 | OK | |||
r-release-macos-x86_64 | 0.3.0 | 333.00 | OK | |||
r-release-windows-x86_64 | 0.3.0 | 62.00 | 443.00 | 505.00 | OK | |
r-oldrel-macos-arm64 | 0.3.0 | 199.00 | NOTE | |||
r-oldrel-macos-x86_64 | 0.3.0 | 301.00 | NOTE | |||
r-oldrel-windows-x86_64 | 0.3.0 | 64.00 | 447.00 | 511.00 | OK |
Version: 0.3.0
Check: dependencies in R code
Result: NOTE
Namespaces in Imports field not imported from:
‘rgdal’ ‘vctrs’
All declared Imports should be used.
Flavors: r-devel-linux-x86_64-fedora-clang, r-devel-linux-x86_64-fedora-gcc, r-oldrel-macos-arm64, r-oldrel-macos-x86_64