Last updated on 2022-07-05 22:50:37 CEST.
Flavor | Version | Tinstall | Tcheck | Ttotal | Status | Flags |
---|---|---|---|---|---|---|
r-devel-linux-x86_64-debian-clang | 1.0.0 | 47.75 | 31.66 | 79.41 | OK | |
r-devel-linux-x86_64-debian-gcc | 1.0.0 | 34.54 | 25.03 | 59.57 | OK | |
r-devel-linux-x86_64-fedora-clang | 1.0.0 | 120.04 | OK | |||
r-devel-linux-x86_64-fedora-gcc | 1.0.0 | 103.95 | OK | |||
r-devel-windows-x86_64 | 1.0.0 | 37.00 | 76.00 | 113.00 | OK | |
r-patched-linux-x86_64 | 1.0.0 | 35.91 | 31.85 | 67.76 | OK | |
r-release-linux-x86_64 | 1.0.0 | 38.00 | 31.87 | 69.87 | OK | |
r-release-macos-arm64 | 1.0.0 | 32.00 | NOTE | |||
r-release-macos-x86_64 | 1.0.0 | 41.00 | NOTE | |||
r-release-windows-x86_64 | 1.0.0 | 39.00 | 76.00 | 115.00 | OK | |
r-oldrel-macos-arm64 | 1.0.0 | 39.00 | NOTE | |||
r-oldrel-macos-x86_64 | 1.0.0 | 57.00 | NOTE | |||
r-oldrel-windows-ix86+x86_64 | 1.0.0 | 103.00 | 83.00 | 186.00 | OK |
Version: 1.0.0
Check: installed package size
Result: NOTE
installed size is 5.8Mb
sub-directories of 1Mb or more:
libs 5.7Mb
Flavors: r-release-macos-arm64, r-release-macos-x86_64, r-oldrel-macos-arm64, r-oldrel-macos-x86_64