CRAN Package Check Results for Package wcox

Last updated on 2024-02-25 23:02:25 CET.

Flavor Version Tinstall Tcheck Ttotal Status Flags
r-devel-linux-x86_64-debian-clang 1.0 4.77 46.88 51.65 OK
r-devel-linux-x86_64-debian-gcc 1.0 4.15 35.08 39.23 OK
r-devel-linux-x86_64-fedora-clang 1.0 62.50 NOTE
r-devel-linux-x86_64-fedora-gcc 1.0 70.51 NOTE
r-devel-windows-x86_64 1.0 6.00 54.00 60.00 OK
r-patched-linux-x86_64 1.0 4.24 44.28 48.52 OK
r-release-linux-x86_64 1.0 3.02 44.80 47.82 OK
r-release-macos-arm64 1.0 27.00 OK
r-release-macos-x86_64 1.0 55.00 OK
r-release-windows-x86_64 1.0 6.00 58.00 64.00 OK
r-oldrel-macos-arm64 1.0 23.00 OK
r-oldrel-windows-x86_64 1.0 7.00 64.00 71.00 OK

Check Details

Version: 1.0
Check: dependencies in R code
Result: NOTE Namespace in Imports field not imported from: ‘survival’ All declared Imports should be used. Flavors: r-devel-linux-x86_64-fedora-clang, r-devel-linux-x86_64-fedora-gcc