Last updated on 2023-03-29 23:09:27 CEST.
Flavor | Version | Tinstall | Tcheck | Ttotal | Status | Flags |
---|---|---|---|---|---|---|
r-devel-linux-x86_64-debian-clang | 1.1-3 | 35.73 | 622.01 | 657.74 | OK | |
r-devel-linux-x86_64-debian-gcc | 1.1-3 | 27.10 | 441.82 | 468.92 | OK | |
r-devel-linux-x86_64-fedora-clang | 1.1-3 | 822.01 | NOTE | |||
r-devel-linux-x86_64-fedora-gcc | 1.1-3 | 689.24 | NOTE | |||
r-patched-linux-x86_64 | 1.1-3 | 33.80 | 574.49 | 608.29 | OK | |
r-release-linux-x86_64 | 1.1-3 | 36.89 | 591.47 | 628.36 | OK | |
r-release-macos-arm64 | 1.1-3 | 135.00 | OK | |||
r-release-macos-x86_64 | 1.1-3 | 245.00 | OK | |||
r-release-windows-x86_64 | 1.1-3 | 49.00 | 595.00 | 644.00 | OK | |
r-oldrel-macos-arm64 | 1.1-3 | 135.00 | OK | |||
r-oldrel-macos-x86_64 | 1.1-3 | 239.00 | OK | |||
r-oldrel-windows-ix86+x86_64 | 1.1-3 | 70.00 | 593.00 | 663.00 | OK |
Version: 1.1-3
Check: dependencies in R code
Result: NOTE
Namespace in Imports field not imported from: ‘Matrix’
All declared Imports should be used.
Flavors: r-devel-linux-x86_64-fedora-clang, r-devel-linux-x86_64-fedora-gcc