CRAN Package Check Results for Package webTRISr

Last updated on 2022-05-23 22:58:29 CEST.

Flavor Version Tinstall Tcheck Ttotal Status Flags
r-devel-linux-x86_64-debian-clang 0.2.0 1.89 45.54 47.43 NOTE
r-devel-linux-x86_64-debian-gcc 0.2.0 1.76 35.68 37.44 NOTE
r-devel-linux-x86_64-fedora-clang 0.2.0 58.66 NOTE
r-devel-linux-x86_64-fedora-gcc 0.2.0 46.28 NOTE
r-devel-windows-x86_64 0.2.0 11.00 73.00 84.00 NOTE
r-patched-linux-x86_64 0.2.0 2.43 44.64 47.07 NOTE
r-release-linux-x86_64 0.2.0 NOTE
r-release-macos-arm64 0.2.0 43.00 NOTE
r-release-macos-x86_64 0.2.0 58.00 NOTE
r-release-windows-x86_64 0.2.0 12.00 73.00 85.00 NOTE
r-oldrel-macos-arm64 0.2.0 47.00 NOTE
r-oldrel-macos-x86_64 0.2.0 55.00 NOTE
r-oldrel-windows-ix86+x86_64 0.2.0 7.00 61.00 68.00 NOTE

Check Details

Version: 0.2.0
Check: LazyData
Result: NOTE
     'LazyData' is specified without a 'data' directory
Flavors: r-devel-linux-x86_64-debian-clang, r-devel-linux-x86_64-debian-gcc, r-devel-linux-x86_64-fedora-clang, r-devel-linux-x86_64-fedora-gcc, r-devel-windows-x86_64, r-patched-linux-x86_64, r-release-linux-x86_64, r-release-macos-arm64, r-release-macos-x86_64, r-release-windows-x86_64, r-oldrel-macos-arm64, r-oldrel-macos-x86_64, r-oldrel-windows-ix86+x86_64