CRAN Package Check Results for Package webr

Last updated on 2022-01-27 23:01:22 CET.

Flavor Version Tinstall Tcheck Ttotal Status Flags
r-devel-linux-x86_64-debian-clang 0.1.5 12.43 144.25 156.68 NOTE
r-devel-linux-x86_64-debian-gcc 0.1.5 9.91 105.24 115.15 NOTE
r-devel-linux-x86_64-fedora-clang 0.1.5 178.34 NOTE
r-devel-linux-x86_64-fedora-gcc 0.1.5 167.36 NOTE
r-devel-windows-x86_64-new-UL 0.1.5 29.00 165.00 194.00 NOTE
r-devel-windows-x86_64-new-TK 0.1.5 ERROR
r-patched-linux-x86_64 0.1.5 11.30 132.17 143.47 NOTE
r-release-linux-x86_64 0.1.5 9.58 129.73 139.31 NOTE
r-release-macos-arm64 0.1.5 NOTE
r-release-macos-x86_64 0.1.5 NOTE
r-release-windows-ix86+x86_64 0.1.5 22.00 167.00 189.00 NOTE
r-oldrel-macos-x86_64 0.1.5 NOTE
r-oldrel-windows-ix86+x86_64 0.1.5 32.00 170.00 202.00 OK

Check Details

Version: 0.1.5
Check: LazyData
Result: NOTE
     'LazyData' is specified without a 'data' directory
Flavors: r-devel-linux-x86_64-debian-clang, r-devel-linux-x86_64-debian-gcc, r-devel-linux-x86_64-fedora-clang, r-devel-linux-x86_64-fedora-gcc, r-devel-windows-x86_64-new-UL, r-patched-linux-x86_64, r-release-linux-x86_64, r-release-macos-arm64, r-release-macos-x86_64, r-release-windows-ix86+x86_64

Version: 0.1.5
Check: dependencies in R code
Result: NOTE
    Namespaces in Imports field not imported from:
     ‘shiny’ ‘tidyselect’
     All declared Imports should be used.
Flavors: r-devel-linux-x86_64-fedora-clang, r-devel-linux-x86_64-fedora-gcc, r-release-macos-arm64, r-release-macos-x86_64, r-oldrel-macos-x86_64

Version: 0.1.5
Check: package dependencies
Result: ERROR
    Package required but not available: 'rrtable'
    
    See section 'The DESCRIPTION file' in the 'Writing R Extensions'
    manual.
Flavor: r-devel-windows-x86_64-new-TK