CRAN Package Check Results for Package wellknown

Last updated on 2021-12-03 22:58:00 CET.

Flavor Version Tinstall Tcheck Ttotal Status Flags
r-devel-linux-x86_64-debian-clang 0.7.4 179.09 41.41 220.50 OK
r-devel-linux-x86_64-debian-gcc 0.7.4 127.68 62.29 189.97 OK
r-devel-linux-x86_64-fedora-clang 0.7.4 357.81 NOTE
r-devel-linux-x86_64-fedora-gcc 0.7.4 289.26 OK
r-devel-windows-x86_64-new-UL 0.7.4 203.00 108.00 311.00 OK
r-devel-windows-x86_64-new-TK 0.7.4 OK
r-devel-windows-x86_64-old 0.7.4 199.00 59.00 258.00 OK
r-patched-linux-x86_64 0.7.4 150.21 39.31 189.52 OK
r-release-linux-x86_64 0.7.4 155.15 39.43 194.58 OK
r-release-macos-arm64 0.7.4 NOTE
r-release-macos-x86_64 0.7.4 NOTE
r-release-windows-ix86+x86_64 0.7.4 388.00 99.00 487.00 OK
r-oldrel-macos-x86_64 0.7.4 NOTE
r-oldrel-windows-ix86+x86_64 0.7.4 388.00 102.00 490.00 OK

Check Details

Version: 0.7.4
Check: installed package size
Result: NOTE
     installed size is 14.1Mb
     sub-directories of 1Mb or more:
     libs 13.8Mb
Flavors: r-devel-linux-x86_64-fedora-clang, r-release-macos-arm64, r-release-macos-x86_64, r-oldrel-macos-x86_64