CRAN Package Check Results for Package whereport

Last updated on 2022-05-19 22:54:25 CEST.

Flavor Version Tinstall Tcheck Ttotal Status Flags
r-devel-linux-x86_64-debian-clang 0.1 1.94 34.78 36.72 OK
r-devel-linux-x86_64-debian-gcc 0.1 1.71 27.12 28.83 OK
r-devel-linux-x86_64-fedora-clang 0.1 45.99 NOTE
r-devel-linux-x86_64-fedora-gcc 0.1 44.13 NOTE
r-devel-windows-x86_64 0.1 12.00 51.00 63.00 OK
r-patched-linux-x86_64 0.1 1.63 33.37 35.00 OK
r-release-linux-x86_64 0.1 1.71 33.79 35.50 OK
r-release-macos-arm64 0.1 15.00 NOTE
r-release-macos-x86_64 0.1 28.00 NOTE
r-release-windows-x86_64 0.1 15.00 53.00 68.00 OK
r-oldrel-macos-arm64 0.1 21.00 NOTE
r-oldrel-macos-x86_64 0.1 23.00 NOTE
r-oldrel-windows-ix86+x86_64 0.1 6.00 44.00 50.00 OK

Check Details

Version: 0.1
Check: data for non-ASCII characters
Result: NOTE
     Note: found 4102 marked UTF-8 strings
Flavors: r-devel-linux-x86_64-fedora-clang, r-devel-linux-x86_64-fedora-gcc, r-release-macos-arm64, r-release-macos-x86_64, r-oldrel-macos-arm64, r-oldrel-macos-x86_64