CRAN Package Check Results for Package winfapReader

Last updated on 2021-12-02 22:56:12 CET.

Flavor Version Tinstall Tcheck Ttotal Status Flags
r-devel-linux-x86_64-debian-clang 0.1-3 4.13 63.81 67.94 OK
r-devel-linux-x86_64-debian-gcc 0.1-3 3.27 48.27 51.54 OK
r-devel-linux-x86_64-fedora-clang 0.1-3 96.74 OK
r-devel-linux-x86_64-fedora-gcc 0.1-3 75.66 OK
r-devel-windows-x86_64-new-UL 0.1-3 9.00 111.00 120.00 OK
r-devel-windows-x86_64-new-TK 0.1-3 OK
r-devel-windows-x86_64-old 0.1-3 6.00 71.00 77.00 OK
r-patched-linux-x86_64 0.1-3 3.68 59.85 63.53 OK
r-patched-solaris-x86 0.1-3 61.00 ERROR
r-release-linux-x86_64 0.1-3 3.23 59.95 63.18 OK
r-release-macos-arm64 0.1-3 OK
r-release-macos-x86_64 0.1-3 OK
r-release-windows-ix86+x86_64 0.1-3 8.00 90.00 98.00 OK
r-oldrel-macos-x86_64 0.1-3 OK
r-oldrel-windows-ix86+x86_64 0.1-3 9.00 97.00 106.00 OK

Check Details

Version: 0.1-3
Check: examples
Result: ERROR
    Running examples in ‘winfapReader-Ex.R’ failed
    The error most likely occurred in:
    
    > ### Name: get_amax
    > ### Title: A function to obtain annual maxima (AMAX) data using the NRFA
    > ### API
    > ### Aliases: get_amax
    >
    > ### ** Examples
    >
    > a40003 <- get_amax(40003) # the Medway at Teston / East Farleigh
    Error in curl::curl_fetch_memory(url, handle = handle) :
     Timeout was reached: [nrfaapps.ceh.ac.uk] Connection timeout after 10000 ms
    Calls: get_amax ... request_fetch -> request_fetch.write_memory -> <Anonymous>
    Execution halted
Flavor: r-patched-solaris-x86