CRAN Package Check Results for Package wiqid

Last updated on 2022-01-28 23:00:56 CET.

Flavor Version Tinstall Tcheck Ttotal Status Flags
r-devel-linux-x86_64-debian-clang 0.3.0 9.47 108.00 117.47 OK
r-devel-linux-x86_64-debian-gcc 0.3.0 8.44 79.04 87.48 OK
r-devel-linux-x86_64-fedora-clang 0.3.0 139.66 OK
r-devel-linux-x86_64-fedora-gcc 0.3.0 130.87 OK
r-devel-windows-x86_64-new-UL 0.3.0 91.00 130.00 221.00 OK
r-devel-windows-x86_64-new-TK 0.3.0 OK
r-patched-linux-x86_64 0.3.0 10.57 102.37 112.94 OK
r-release-linux-x86_64 0.3.0 11.45 101.07 112.52 OK
r-release-macos-arm64 0.3.0 NOTE
r-release-macos-x86_64 0.3.0 OK
r-release-windows-ix86+x86_64 0.3.0 17.00 121.00 138.00 OK
r-oldrel-macos-x86_64 0.3.0 OK
r-oldrel-windows-ix86+x86_64 0.3.0 16.00 121.00 137.00 OK

Check Details

Version: 0.3.0
Check: package dependencies
Result: NOTE
    Package suggested but not available for checking: ‘rjags’
Flavor: r-release-macos-arm64