CRAN Package Check Results for Package wooldridge

Last updated on 2021-12-02 22:56:12 CET.

Flavor Version Tinstall Tcheck Ttotal Status Flags
r-devel-linux-x86_64-debian-clang 1.4-2 17.48 53.93 71.41 OK
r-devel-linux-x86_64-debian-gcc 1.4-2 16.88 33.12 50.00 WARN
r-devel-linux-x86_64-fedora-clang 1.4-2 105.55 OK
r-devel-linux-x86_64-fedora-gcc 1.4-2 77.30 WARN
r-devel-windows-x86_64-new-UL 1.4-2 45.00 119.00 164.00 OK
r-devel-windows-x86_64-new-TK 1.4-2 OK
r-devel-windows-x86_64-old 1.4-2 27.00 71.00 98.00 OK
r-patched-linux-x86_64 1.4-2 21.19 51.34 72.53 OK
r-patched-solaris-x86 1.4-2 130.80 OK
r-release-linux-x86_64 1.4-2 18.51 51.20 69.71 OK
r-release-macos-arm64 1.4-2 OK
r-release-macos-x86_64 1.4-2 OK
r-release-windows-ix86+x86_64 1.4-2 28.00 86.00 114.00 OK
r-oldrel-macos-x86_64 1.4-2 OK
r-oldrel-windows-ix86+x86_64 1.4-2 29.00 88.00 117.00 OK

Check Details

Version: 1.4-2
Check: re-building of vignette outputs
Result: WARN
    Error(s) in re-building vignettes:
     ...
    --- re-building ‘Introductory-Econometrics-Examples.Rmd’ using rmarkdown
    
    Please cite as:
    
     Hlavac, Marek (2018). stargazer: Well-Formatted Regression and Summary Statistics Tables.
     R package version 5.2.2. https://CRAN.R-project.org/package=stargazer
    
    Quitting from lines 93-94 (Introductory-Econometrics-Examples.Rmd)
    Error: processing vignette ‘Introductory-Econometrics-Examples.Rmd’ failed with diagnostics:
    cannot coerce class '"lm"' to a data.frame
    --- failed re-building ‘Introductory-Econometrics-Examples.Rmd’
    
    SUMMARY: processing the following file failed:
     ‘Introductory-Econometrics-Examples.Rmd’
    
    Error: Vignette re-building failed.
    Execution halted
Flavor: r-devel-linux-x86_64-debian-gcc

Version: 1.4-2
Check: re-building of vignette outputs
Result: WARN
    Error(s) in re-building vignettes:
    --- re-building ‘Introductory-Econometrics-Examples.Rmd’ using rmarkdown
    
    Please cite as:
    
     Hlavac, Marek (2018). stargazer: Well-Formatted Regression and Summary Statistics Tables.
     R package version 5.2.2. https://CRAN.R-project.org/package=stargazer
    
    Quitting from lines 93-94 (Introductory-Econometrics-Examples.Rmd)
    Error: processing vignette 'Introductory-Econometrics-Examples.Rmd' failed with diagnostics:
    cannot coerce class '"lm"' to a data.frame
    --- failed re-building ‘Introductory-Econometrics-Examples.Rmd’
    
    SUMMARY: processing the following file failed:
     ‘Introductory-Econometrics-Examples.Rmd’
    
    Error: Vignette re-building failed.
    Execution halted
Flavor: r-devel-linux-x86_64-fedora-gcc