Last updated on 2023-01-28 22:55:30 CET.
Flavor | Version | Tinstall | Tcheck | Ttotal | Status | Flags |
---|---|---|---|---|---|---|
r-devel-linux-x86_64-debian-clang | 0.6.2 | 18.17 | 102.75 | 120.92 | OK | |
r-devel-linux-x86_64-debian-gcc | 0.6.2 | 13.40 | 74.90 | 88.30 | OK | |
r-devel-linux-x86_64-fedora-clang | 0.6.2 | 147.24 | NOTE | |||
r-devel-linux-x86_64-fedora-gcc | 0.6.2 | 140.12 | OK | |||
r-patched-linux-x86_64 | 0.6.2 | 15.56 | 96.69 | 112.25 | OK | |
r-release-linux-x86_64 | 0.6.2 | 11.66 | 98.36 | 110.02 | OK | |
r-release-macos-arm64 | 0.6.2 | 97.00 | OK | |||
r-release-macos-x86_64 | 0.6.2 | 113.00 | OK | |||
r-release-windows-x86_64 | 0.6.2 | 83.00 | 185.00 | 268.00 | OK | |
r-oldrel-macos-arm64 | 0.6.2 | 100.00 | OK | |||
r-oldrel-macos-x86_64 | 0.6.2 | 116.00 | OK | |||
r-oldrel-windows-ix86+x86_64 | 0.6.2 | 34.00 | 180.00 | 214.00 | OK |
Version: 0.6.2
Check: package dependencies
Result: NOTE
Imports includes 23 non-default packages.
Importing from so many packages makes the package vulnerable to any of
them becoming unavailable. Move as many as possible to Suggests and
use conditionally.
Flavor: r-devel-linux-x86_64-fedora-clang