CRAN Package Check Results for Package wrGraph

Last updated on 2022-01-28 23:00:56 CET.

Flavor Version Tinstall Tcheck Ttotal Status Flags
r-devel-linux-x86_64-debian-clang 1.3.0 9.90 76.47 86.37 OK
r-devel-linux-x86_64-debian-gcc 1.3.0 6.96 56.63 63.59 OK
r-devel-linux-x86_64-fedora-clang 1.3.0 60.06 OK
r-devel-linux-x86_64-fedora-gcc 1.3.0 49.42 OK
r-devel-windows-x86_64-new-UL 1.3.0 36.00 102.00 138.00 OK
r-devel-windows-x86_64-new-TK 1.3.0 WARN
r-patched-linux-x86_64 1.3.0 8.38 68.50 76.88 OK
r-release-linux-x86_64 1.3.0 7.34 69.34 76.68 OK
r-release-macos-arm64 1.3.0 OK
r-release-macos-x86_64 1.3.0 OK
r-release-windows-ix86+x86_64 1.3.0 14.00 79.00 93.00 OK
r-oldrel-macos-x86_64 1.3.0 OK
r-oldrel-windows-ix86+x86_64 1.3.0 14.00 81.00 95.00 OK

Check Details

Version: 1.3.0
Check: package dependencies
Result: NOTE
    Packages suggested but not available for checking:
     'factoextra', 'FactoMineR'
Flavor: r-devel-windows-x86_64-new-TK

Version: 1.3.0
Check: re-building of vignette outputs
Result: WARN
    Error(s) in re-building vignettes:
    --- re-building 'wrGraphVignette1.Rmd' using rmarkdown
    Quitting from lines 27-33 (wrGraphVignette1.Rmd)
    Error: processing vignette 'wrGraphVignette1.Rmd' failed with diagnostics:
    there is no package called 'FactoMineR'
    --- failed re-building 'wrGraphVignette1.Rmd'
    
    SUMMARY: processing the following file failed:
     'wrGraphVignette1.Rmd'
    
    Error: Vignette re-building failed.
    Execution halted
Flavor: r-devel-windows-x86_64-new-TK