CRAN Package Check Results for Package wrangle

Last updated on 2021-11-30 22:54:49 CET.

Flavor Version Tinstall Tcheck Ttotal Status Flags
r-devel-linux-x86_64-debian-clang 0.5.2 4.50 43.89 48.39 NOTE
r-devel-linux-x86_64-debian-gcc 0.5.2 3.47 33.62 37.09 NOTE
r-devel-linux-x86_64-fedora-clang 0.5.2 72.66 NOTE
r-devel-linux-x86_64-fedora-gcc 0.5.2 57.26 NOTE
r-devel-windows-x86_64-new-UL 0.5.2 12.00 86.00 98.00 NOTE
r-devel-windows-x86_64-new-TK 0.5.2 NOTE
r-devel-windows-x86_64-old 0.5.2 9.00 49.00 58.00 NOTE
r-patched-linux-x86_64 0.5.2 3.85 40.83 44.68 NOTE
r-patched-solaris-x86 0.5.2 78.80 NOTE
r-release-linux-x86_64 0.5.2 3.92 40.85 44.77 NOTE
r-release-macos-arm64 0.5.2 NOTE
r-release-macos-x86_64 0.5.2 NOTE
r-release-windows-ix86+x86_64 0.5.2 11.00 50.00 61.00 NOTE
r-oldrel-macos-x86_64 0.5.2 OK
r-oldrel-windows-ix86+x86_64 0.5.2 10.00 50.00 60.00 OK

Check Details

Version: 0.5.2
Check: LazyData
Result: NOTE
     'LazyData' is specified without a 'data' directory
Flavors: r-devel-linux-x86_64-debian-clang, r-devel-linux-x86_64-debian-gcc, r-devel-linux-x86_64-fedora-clang, r-devel-linux-x86_64-fedora-gcc, r-devel-windows-x86_64-new-UL, r-devel-windows-x86_64-new-TK, r-devel-windows-x86_64-old, r-patched-linux-x86_64, r-patched-solaris-x86, r-release-linux-x86_64, r-release-macos-arm64, r-release-macos-x86_64, r-release-windows-ix86+x86_64