CRAN Package Check Results for Package wrswoR

Last updated on 2022-01-27 23:01:22 CET.

Flavor Version Tinstall Tcheck Ttotal Status Flags
r-devel-linux-x86_64-debian-clang 1.1.1 19.76 42.49 62.25 NOTE
r-devel-linux-x86_64-debian-gcc 1.1.1 14.77 32.28 47.05 NOTE
r-devel-linux-x86_64-fedora-clang 1.1.1 82.45 NOTE
r-devel-linux-x86_64-fedora-gcc 1.1.1 66.72 NOTE
r-devel-windows-x86_64-new-UL 1.1.1 34.00 81.00 115.00 NOTE
r-devel-windows-x86_64-new-TK 1.1.1 NOTE
r-patched-linux-x86_64 1.1.1 17.67 38.87 56.54 NOTE
r-release-linux-x86_64 1.1.1 16.68 38.75 55.43 NOTE
r-release-macos-arm64 1.1.1 NOTE
r-release-macos-x86_64 1.1.1 NOTE
r-release-windows-ix86+x86_64 1.1.1 53.00 79.00 132.00 NOTE
r-oldrel-macos-x86_64 1.1.1 OK
r-oldrel-windows-ix86+x86_64 1.1.1 51.00 78.00 129.00 OK

Check Details

Version: 1.1.1
Check: LazyData
Result: NOTE
     'LazyData' is specified without a 'data' directory
Flavors: r-devel-linux-x86_64-debian-clang, r-devel-linux-x86_64-debian-gcc, r-devel-linux-x86_64-fedora-clang, r-devel-linux-x86_64-fedora-gcc, r-devel-windows-x86_64-new-UL, r-devel-windows-x86_64-new-TK, r-patched-linux-x86_64, r-release-linux-x86_64, r-release-macos-arm64, r-release-macos-x86_64, r-release-windows-ix86+x86_64