CRAN Package Check Results for Package wwntests

Last updated on 2022-01-28 23:00:56 CET.

Flavor Version Tinstall Tcheck Ttotal Status Flags
r-devel-linux-x86_64-debian-clang 1.0.1 20.84 250.29 271.13 NOTE
r-devel-linux-x86_64-debian-gcc 1.0.1 15.41 182.73 198.14 NOTE
r-devel-linux-x86_64-fedora-clang 1.0.1 298.07 NOTE
r-devel-linux-x86_64-fedora-gcc 1.0.1 298.01 NOTE
r-devel-windows-x86_64-new-UL 1.0.1 61.00 262.00 323.00 NOTE
r-devel-windows-x86_64-new-TK 1.0.1 NOTE
r-patched-linux-x86_64 1.0.1 16.61 226.50 243.11 NOTE
r-release-linux-x86_64 1.0.1 14.91 219.59 234.50 NOTE
r-release-macos-arm64 1.0.1 NOTE
r-release-macos-x86_64 1.0.1 NOTE
r-release-windows-ix86+x86_64 1.0.1 45.00 257.00 302.00 NOTE
r-oldrel-macos-x86_64 1.0.1 OK
r-oldrel-windows-ix86+x86_64 1.0.1 45.00 252.00 297.00 OK

Check Details

Version: 1.0.1
Check: LazyData
Result: NOTE
     'LazyData' is specified without a 'data' directory
Flavors: r-devel-linux-x86_64-debian-clang, r-devel-linux-x86_64-debian-gcc, r-devel-linux-x86_64-fedora-clang, r-devel-linux-x86_64-fedora-gcc, r-devel-windows-x86_64-new-UL, r-devel-windows-x86_64-new-TK, r-patched-linux-x86_64, r-release-linux-x86_64, r-release-macos-arm64, r-release-macos-x86_64, r-release-windows-ix86+x86_64