CRAN Package Check Results for Package xSub

Last updated on 2023-05-28 22:00:26 CEST.

Flavor Version Tinstall Tcheck Ttotal Status Flags
r-devel-linux-x86_64-debian-clang 3.0.2 6.39 52.20 58.59 OK
r-devel-linux-x86_64-debian-gcc 3.0.2 6.88 39.72 46.60 OK
r-devel-linux-x86_64-fedora-clang 3.0.2 74.62 NOTE
r-devel-linux-x86_64-fedora-gcc 3.0.2 70.11 NOTE
r-devel-windows-x86_64 3.0.2 8.00 57.00 65.00 OK
r-patched-linux-x86_64 3.0.2 7.35 49.70 57.05 OK
r-release-linux-x86_64 3.0.2 5.05 49.80 54.85 OK
r-release-macos-arm64 3.0.2 26.00 OK
r-release-macos-x86_64 3.0.2 41.00 OK
r-release-windows-x86_64 3.0.2 10.00 63.00 73.00 OK
r-oldrel-macos-arm64 3.0.2 28.00 NOTE
r-oldrel-macos-x86_64 3.0.2 36.00 NOTE
r-oldrel-windows-x86_64 3.0.2 11.00 65.00 76.00 OK

Check Details

Version: 3.0.2
Check: data for non-ASCII characters
Result: NOTE
     Note: found 268 marked UTF-8 strings
Flavors: r-devel-linux-x86_64-fedora-clang, r-devel-linux-x86_64-fedora-gcc, r-oldrel-macos-arm64, r-oldrel-macos-x86_64