CRAN Package Check Results for Package xplain

Last updated on 2023-06-03 22:56:59 CEST.

Flavor Version Tinstall Tcheck Ttotal Status Flags
r-devel-linux-x86_64-debian-clang 0.2.2 2.91 26.73 29.64 NOTE
r-devel-linux-x86_64-debian-gcc 0.2.2 1.97 20.89 22.86 NOTE
r-devel-linux-x86_64-fedora-clang 0.2.2 38.05 NOTE
r-devel-linux-x86_64-fedora-gcc 0.2.2 34.82 NOTE
r-devel-windows-x86_64 0.2.2 4.00 41.00 45.00 NOTE
r-patched-linux-x86_64 0.2.2 NOTE
r-release-linux-x86_64 0.2.2 1.93 25.50 27.43 NOTE
r-release-macos-arm64 0.2.2 17.00 NOTE
r-release-macos-x86_64 0.2.2 21.00 NOTE
r-release-windows-x86_64 0.2.2 5.00 44.00 49.00 NOTE
r-oldrel-macos-arm64 0.2.2 13.00 NOTE
r-oldrel-macos-x86_64 0.2.2 27.00 NOTE
r-oldrel-windows-x86_64 0.2.2 5.00 45.00 50.00 NOTE

Check Details

Version: 0.2.2
Check: LazyData
Result: NOTE
     'LazyData' is specified without a 'data' directory
Flavors: r-devel-linux-x86_64-debian-clang, r-devel-linux-x86_64-debian-gcc, r-devel-linux-x86_64-fedora-clang, r-devel-linux-x86_64-fedora-gcc, r-devel-windows-x86_64, r-patched-linux-x86_64, r-release-linux-x86_64, r-release-macos-arm64, r-release-macos-x86_64, r-release-windows-x86_64, r-oldrel-macos-arm64, r-oldrel-macos-x86_64, r-oldrel-windows-x86_64

Version: 0.2.2
Check: dependencies in R code
Result: NOTE
    Namespace in Imports field not imported from: ‘RCurl’
     All declared Imports should be used.
Flavors: r-devel-linux-x86_64-fedora-clang, r-devel-linux-x86_64-fedora-gcc, r-oldrel-macos-arm64, r-oldrel-macos-x86_64