Last updated on 2023-03-24 22:55:27 CET.
Flavor | Version | Tinstall | Tcheck | Ttotal | Status | Flags |
---|---|---|---|---|---|---|
r-devel-linux-x86_64-debian-clang | 0.1.2 | 5.56 | 65.51 | 71.07 | NOTE | |
r-devel-linux-x86_64-debian-gcc | 0.1.2 | 4.14 | 47.71 | 51.85 | NOTE | |
r-devel-linux-x86_64-fedora-clang | 0.1.2 | 87.42 | NOTE | |||
r-devel-linux-x86_64-fedora-gcc | 0.1.2 | 82.03 | NOTE | |||
r-patched-linux-x86_64 | 0.1.2 | 5.22 | 63.01 | 68.23 | NOTE | |
r-release-linux-x86_64 | 0.1.2 | 4.94 | 62.57 | 67.51 | NOTE | |
r-release-macos-arm64 | 0.1.2 | 27.00 | NOTE | |||
r-release-macos-x86_64 | 0.1.2 | 51.00 | NOTE | |||
r-release-windows-x86_64 | 0.1.2 | 13.00 | 88.00 | 101.00 | NOTE | |
r-oldrel-macos-arm64 | 0.1.2 | 34.00 | NOTE | |||
r-oldrel-macos-x86_64 | 0.1.2 | 50.00 | NOTE | |||
r-oldrel-windows-ix86+x86_64 | 0.1.2 | 14.00 | 86.00 | 100.00 | NOTE |
Version: 0.1.2
Check: LazyData
Result: NOTE
'LazyData' is specified without a 'data' directory
Flavors: r-devel-linux-x86_64-debian-clang, r-devel-linux-x86_64-debian-gcc, r-devel-linux-x86_64-fedora-clang, r-devel-linux-x86_64-fedora-gcc, r-patched-linux-x86_64, r-release-linux-x86_64, r-release-macos-arm64, r-release-macos-x86_64, r-release-windows-x86_64, r-oldrel-macos-arm64, r-oldrel-macos-x86_64, r-oldrel-windows-ix86+x86_64