CRAN Package Check Results for Package yakmoR

Last updated on 2022-05-16 22:52:27 CEST.

Flavor Version Tinstall Tcheck Ttotal Status Flags
r-devel-linux-x86_64-debian-clang 0.1.1 22.61 42.23 64.84 OK
r-devel-linux-x86_64-debian-gcc 0.1.1 18.78 33.06 51.84 OK
r-devel-linux-x86_64-fedora-clang 0.1.1 87.32 NOTE
r-devel-linux-x86_64-fedora-gcc 0.1.1 81.35 NOTE
r-devel-windows-x86_64 0.1.1 30.00 86.00 116.00 OK
r-patched-linux-x86_64 0.1.1 19.96 40.52 60.48 OK
r-release-linux-x86_64 0.1.1 19.18 40.07 59.25 OK
r-release-macos-arm64 0.1.1 28.00 OK
r-release-macos-x86_64 0.1.1 35.00 OK
r-release-windows-x86_64 0.1.1 30.00 80.00 110.00 OK
r-oldrel-macos-arm64 0.1.1 31.00 OK
r-oldrel-macos-x86_64 0.1.1 48.00 OK
r-oldrel-windows-ix86+x86_64 0.1.1 57.00 83.00 140.00 OK

Check Details

Version: 0.1.1
Check: compiled code
Result: NOTE
    File ‘yakmoR/libs/yakmoR.so’:
     Found no calls to: ‘R_registerRoutines’, ‘R_useDynamicSymbols’
    
    It is good practice to register native routines and to disable symbol
    search.
    
    See ‘Writing portable packages’ in the ‘Writing R Extensions’ manual.
Flavors: r-devel-linux-x86_64-fedora-clang, r-devel-linux-x86_64-fedora-gcc