CRAN Package Check Results for Package yesno

Last updated on 2022-05-21 22:58:29 CEST.

Flavor Version Tinstall Tcheck Ttotal Status Flags
r-devel-linux-x86_64-debian-clang 0.1.2 2.05 32.02 34.07 NOTE
r-devel-linux-x86_64-debian-gcc 0.1.2 1.54 25.12 26.66 NOTE
r-devel-linux-x86_64-fedora-clang 0.1.2 41.04 NOTE
r-devel-linux-x86_64-fedora-gcc 0.1.2 40.14 NOTE
r-devel-windows-x86_64 0.1.2 8.00 54.00 62.00 NOTE
r-patched-linux-x86_64 0.1.2 1.99 31.60 33.59 NOTE
r-release-linux-x86_64 0.1.2 1.84 31.07 32.91 NOTE
r-release-macos-arm64 0.1.2 18.00 NOTE
r-release-macos-x86_64 0.1.2 23.00 NOTE
r-release-windows-x86_64 0.1.2 10.00 61.00 71.00 NOTE
r-oldrel-macos-arm64 0.1.2 22.00 NOTE
r-oldrel-macos-x86_64 0.1.2 27.00 NOTE
r-oldrel-windows-ix86+x86_64 0.1.2 5.00 42.00 47.00 NOTE

Check Details

Version: 0.1.2
Check: LazyData
Result: NOTE
     'LazyData' is specified without a 'data' directory
Flavors: r-devel-linux-x86_64-debian-clang, r-devel-linux-x86_64-debian-gcc, r-devel-linux-x86_64-fedora-clang, r-devel-linux-x86_64-fedora-gcc, r-devel-windows-x86_64, r-patched-linux-x86_64, r-release-linux-x86_64, r-release-macos-arm64, r-release-macos-x86_64, r-release-windows-x86_64, r-oldrel-macos-arm64, r-oldrel-macos-x86_64, r-oldrel-windows-ix86+x86_64