CRAN Package Check Results for Package zoltr

Last updated on 2022-05-21 22:58:29 CEST.

Flavor Version Tinstall Tcheck Ttotal Status Flags
r-devel-linux-x86_64-debian-clang 0.5.1 7.06 64.77 71.83 NOTE
r-devel-linux-x86_64-debian-gcc 0.5.1 5.01 49.99 55.00 NOTE
r-devel-linux-x86_64-fedora-clang 0.5.1 88.41 NOTE
r-devel-linux-x86_64-fedora-gcc 0.5.1 99.85 NOTE
r-devel-windows-x86_64 0.5.1 42.00 93.00 135.00 NOTE
r-patched-linux-x86_64 0.5.1 7.11 62.22 69.33 NOTE
r-release-linux-x86_64 0.5.1 4.05 62.81 66.86 NOTE
r-release-macos-arm64 0.5.1 41.00 NOTE
r-release-macos-x86_64 0.5.1 56.00 NOTE
r-release-windows-x86_64 0.5.1 37.00 92.00 129.00 NOTE
r-oldrel-macos-arm64 0.5.1 40.00 NOTE
r-oldrel-macos-x86_64 0.5.1 73.00 NOTE
r-oldrel-windows-ix86+x86_64 0.5.1 17.00 79.00 96.00 NOTE

Check Details

Version: 0.5.1
Check: LazyData
Result: NOTE
     'LazyData' is specified without a 'data' directory
Flavors: r-devel-linux-x86_64-debian-clang, r-devel-linux-x86_64-debian-gcc, r-devel-linux-x86_64-fedora-clang, r-devel-linux-x86_64-fedora-gcc, r-devel-windows-x86_64, r-patched-linux-x86_64, r-release-linux-x86_64, r-release-macos-arm64, r-release-macos-x86_64, r-release-windows-x86_64, r-oldrel-macos-arm64, r-oldrel-macos-x86_64, r-oldrel-windows-ix86+x86_64