Last updated on 2022-05-24 22:50:21 CEST.
Flavor | Version | Tinstall | Tcheck | Ttotal | Status | Flags |
---|---|---|---|---|---|---|
r-devel-linux-x86_64-debian-clang | 1.8-10 | 9.54 | 97.58 | 107.12 | NOTE | |
r-devel-linux-x86_64-debian-gcc | 1.8-10 | 5.90 | 79.63 | 85.53 | NOTE | |
r-devel-linux-x86_64-fedora-clang | 1.8-10 | 145.08 | NOTE | |||
r-devel-linux-x86_64-fedora-gcc | 1.8-10 | 127.42 | NOTE | |||
r-devel-windows-x86_64 | 1.8-10 | 51.00 | 219.00 | 270.00 | OK | |
r-patched-linux-x86_64 | 1.8-10 | 10.39 | 93.45 | 103.84 | NOTE | |
r-release-linux-x86_64 | 1.8-10 | NOTE | ||||
r-release-macos-arm64 | 1.8-10 | 49.00 | OK | |||
r-release-macos-x86_64 | 1.8-10 | 76.00 | OK | |||
r-release-windows-x86_64 | 1.8-10 | 63.00 | 225.00 | 288.00 | OK | |
r-oldrel-macos-arm64 | 1.8-10 | 52.00 | OK | |||
r-oldrel-macos-x86_64 | 1.8-10 | 92.00 | OK | |||
r-oldrel-windows-ix86+x86_64 | 1.8-10 | 20.00 | 187.00 | 207.00 | OK |
Version: 1.8-10
Check: package dependencies
Result: NOTE
Package suggested but not available for checking: 'fts'
Flavors: r-devel-linux-x86_64-debian-clang, r-devel-linux-x86_64-debian-gcc, r-devel-linux-x86_64-fedora-clang, r-devel-linux-x86_64-fedora-gcc, r-patched-linux-x86_64, r-release-linux-x86_64
Version: 1.8-10
Check: Rd cross-references
Result: NOTE
Unknown package 'fts' in Rd xrefs
Flavors: r-devel-linux-x86_64-debian-clang, r-devel-linux-x86_64-debian-gcc, r-devel-linux-x86_64-fedora-clang, r-devel-linux-x86_64-fedora-gcc, r-patched-linux-x86_64, r-release-linux-x86_64