Last updated on 2022-05-23 22:58:30 CEST.
Flavor | Version | Tinstall | Tcheck | Ttotal | Status | Flags |
---|---|---|---|---|---|---|
r-devel-linux-x86_64-debian-clang | 0.1.2 | 46.47 | 92.76 | 139.23 | OK | |
r-devel-linux-x86_64-debian-gcc | 0.1.2 | 42.50 | 79.39 | 121.89 | OK | |
r-devel-linux-x86_64-fedora-clang | 0.1.2 | 178.05 | NOTE | |||
r-devel-linux-x86_64-fedora-gcc | 0.1.2 | 165.58 | OK | |||
r-devel-windows-x86_64 | 0.1.2 | 46.00 | 158.00 | 204.00 | OK | |
r-patched-linux-x86_64 | 0.1.2 | 49.36 | 89.48 | 138.84 | OK | |
r-release-linux-x86_64 | 0.1.2 | OK | ||||
r-release-macos-arm64 | 0.1.2 | 52.00 | NOTE | |||
r-release-macos-x86_64 | 0.1.2 | 80.00 | NOTE | |||
r-release-windows-x86_64 | 0.1.2 | 44.00 | 161.00 | 205.00 | OK | |
r-oldrel-macos-arm64 | 0.1.2 | 69.00 | NOTE | |||
r-oldrel-macos-x86_64 | 0.1.2 | 76.00 | NOTE | |||
r-oldrel-windows-ix86+x86_64 | 0.1.2 | 122.00 | 180.00 | 302.00 | OK |
Version: 0.1.2
Check: installed package size
Result: NOTE
installed size is 6.1Mb
sub-directories of 1Mb or more:
libs 5.8Mb
Flavors: r-devel-linux-x86_64-fedora-clang, r-release-macos-arm64, r-release-macos-x86_64, r-oldrel-macos-arm64, r-oldrel-macos-x86_64